{"id":10,"date":"2016-12-18T18:11:41","date_gmt":"2016-12-18T17:11:41","guid":{"rendered":"http:\/\/localhost\/?page_id=10"},"modified":"2016-12-19T20:37:04","modified_gmt":"2016-12-19T19:37:04","slug":"gdje-se-nalazimo","status":"publish","type":"page","link":"https:\/\/www.poliklinika-svluka.hr\/?page_id=10","title":{"rendered":"Gdje se nalazimo?"},"content":{"rendered":"<p>Poliklinika Sv. Luka nalazi se u samom centru Zagreba, u blizini glavnog zagreba\u010dkog trga Bana Josipa Jela\u010di\u0107a i Katedrale, na Kaptolu 24. Za korisnike na\u0161ih usluga parkiranje je osigurano.<\/p>\n<p>Poliklinika Sv. Luka, Kaptol 24, 10000 Zagreb<br \/>\n<iframe loading=\"lazy\" src=\"https:\/\/www.google.com\/maps\/embed?pb=!1m18!1m12!1m3!1d2780.7307133876348!2d15.976184615995987!3d45.81665121787653!2m3!1f0!2f0!3f0!3m2!1i1024!2i768!4f13.1!3m3!1m2!1s0x4765d7024c7c6989%3A0x202b0bd52530243d!2sPOLIKLINIKA+SV.+LUKE!5e0!3m2!1shr!2shr!4v1482176146478\" width=\"800\" height=\"600\" frameborder=\"0\" style=\"border:0\" allowfullscreen><\/iframe><\/p>\n","protected":false},"excerpt":{"rendered":"<p>Poliklinika Sv. Luka nalazi se u samom centru Zagreba, u blizini glavnog zagreba\u010dkog trga Bana Josipa Jela\u010di\u0107a i Katedrale, na Kaptolu 24. Za korisnike na\u0161ih usluga parkiranje je osigurano. Poliklinika Sv. Luka, Kaptol 24, 10000 Zagreb<\/p>\n","protected":false},"author":1,"featured_media":0,"parent":0,"menu_order":0,"comment_status":"closed","ping_status":"closed","template":"","meta":[],"_links":{"self":[{"href":"https:\/\/www.poliklinika-svluka.hr\/index.php?rest_route=\/wp\/v2\/pages\/10"}],"collection":[{"href":"https:\/\/www.poliklinika-svluka.hr\/index.php?rest_route=\/wp\/v2\/pages"}],"about":[{"href":"https:\/\/www.poliklinika-svluka.hr\/index.php?rest_route=\/wp\/v2\/types\/page"}],"author":[{"embeddable":true,"href":"https:\/\/www.poliklinika-svluka.hr\/index.php?rest_route=\/wp\/v2\/users\/1"}],"replies":[{"embeddable":true,"href":"https:\/\/www.poliklinika-svluka.hr\/index.php?rest_route=%2Fwp%2Fv2%2Fcomments&post=10"}],"version-history":[{"count":8,"href":"https:\/\/www.poliklinika-svluka.hr\/index.php?rest_route=\/wp\/v2\/pages\/10\/revisions"}],"predecessor-version":[{"id":70,"href":"https:\/\/www.poliklinika-svluka.hr\/index.php?rest_route=\/wp\/v2\/pages\/10\/revisions\/70"}],"wp:attachment":[{"href":"https:\/\/www.poliklinika-svluka.hr\/index.php?rest_route=%2Fwp%2Fv2%2Fmedia&parent=10"}],"curies":[{"name":"wp","href":"https:\/\/api.w.org\/{rel}","templated":true}]}}